s 7 divide 672?
True
Does 11 divide 46189?
True
Does 6 divide 444?
True
Is 14 a factor of 84?
True
Is 13 a factor of 27113?
False
Does 9 divide 333?
True
Is 4026 a multiple of 29?
False
Is 606 even?
True
Is 8 a factor of 154?
False
Is 13 a factor of 1404?
True
Does 8 divide 3412?
False
Is 13 a factor of 518?
False
Is 11424 a multiple of 12?
True
Is 850 a multiple of 60?
False
Is 4 a factor of 948?
True
Is 8 a factor of 55319?
False
Is 18 a factor of 8370?
True
Is 4319 a multiple of 4?
False
Is 21 a factor of 22540?
False
Is 147 a factor of 33719?
False
Does 8 divide 1817?
False
Is 9 a factor of 518?
False
Does 18 divide 411?
False
Is 25 a factor of 13578?
False
Does 39 divide 11731?
False
Is 1710 a multiple of 38?
True
Is 620 a multiple of 31?
True
Does 49 divide 686?
True
Is 46615 a multiple of 152?
False
Does 47 divide 572?
False
Does 22 divide 5700?
False
Is 26 a factor of 575?
False
Is 49 a factor of 42339?
False
Does 4 divide 18666?
False
Is 36064 a multiple of 56?
True
Is 10665 a multiple of 135?
True
Is 78813 a multiple of 81?
True
Does 3 divide 684?
True
Is 38 a factor of 13414?
True
Is 48 a multiple of 5?
False
Is 5752 a multiple of 55?
False
Is 23 a factor of 28474?
True
Is 4234 a multiple of 21?
False
Does 26 divide 1638?
True
Is 51213 a multiple of 43?
True
Is 647 a multiple of 18?
False
Is 50 a factor of 2150?
True
Does 10 divide 3960?
True
Does 80 divide 14162?
False
Is 11919 a multiple of 10?
False
Is 22 a factor of 633?
False
Is 5 a factor of 264?
False
Is 4196 a multiple of 19?
False
Is 1068 a multiple of 68?
False
Does 216 divide 4968?
True
Is 2300 a multiple of 5?
True
Does 21 divide 189?
True
Is 22 a factor of 937?
False
Does 26 divide 825?
False
Is 1520 a multiple of 5?
True
Does 167 divide 334?
True
Is 100 a factor of 81976?
False
Is 16175 a multiple of 5?
True
Does 284 divide 25724?
False
Is 1028 a multiple of 119?
False
Is 1428 a multiple of 28?
True
Is 22 a factor of 1719?
False
Does 2 divide 93?
False
Does 32 divide 807?
False
Does 251 divide 1255?
True
Is 681 a multiple of 24?
False
Is 165 a multiple of 5?
True
Is 34124 a multiple of 6?
False
Is 360 a multiple of 12?
True
Does 133 divide 2394?
True
Does 71 divide 6931?
False
Is 55 a multiple of 6?
False
Is 7 a factor of 3042?
False
Is 287 a multiple of 27?
False
Is 21953 a multiple of 29?
True
Is 4 a factor of 55?
False
Is 375 a multiple of 15?
True
Is 299 a multiple of 49?
False
Is 9 a factor of 585?
True
Does 30 divide 941?
False
Does 5 divide 1164?
False
Is 23365 a multiple of 11?
False
Is 11 a factor of 204?
False
Is 15194 a multiple of 107?
True
Is 117 a factor of 585?
True
Is 26 a factor of 4603?
False
Does 22 divide 826?
False
Is 553 a multiple of 28?
False
Is 40 a factor of 41000?
True
Is 82 a factor of 410?
True
Does 13 divide 2470?
True
Does 3 divide 1279?
False
Is 47 a factor of 23249?
False
Is 4247 a multiple of 6?
False
Does 13 divide 124371?
True
Is 54 a factor of 5778?
True
Does 235 divide 24575?
False
Is 2190 a multiple of 20?
False
Does 5 divide 4284?
False
Is 115 a factor of 20953?
False
Is 2436 a multiple of 28?
True
Is 6 a factor of 636?
True
Is 2944 a multiple of 46?
True
Does 42 divide 24257?
False
Is 3 a factor of 105?
True
Is 22 a factor of 28002?
False
Is 18 a factor of 808?
False
Is 9 a factor of 7274?
False
Does 14 divide 3108?
True
Is 2 a factor of 508?
True
Is 16 a factor of 114?
False
Is 1758 a multiple of 27?
False
Is 2 a factor of 117?
False
Does 67 divide 1540?
False
Is 19 a factor of 247?
True
Is 6734 a multiple of 13?
True
Is 61 a factor of 101291?
False
Is 240 a multiple of 12?
True
Does 16 divide 9264?
True
Is 125 a factor of 35375?
True
Does 9 divide 15505?
False
Is 11 a factor of 781?
True
Is 193 a multiple of 3?
False
Is 65 a factor of 54860?
True
Does 53 divide 3153?
False
Does 10 divide 56222?
False
Is 562 a multiple of 20?
False
Is 74 a factor of 23028?
False
Is 18 a factor of 4849?
False
Is 3960 a multiple of 72?
True
Is 130 a factor of 4305?
False
Does 10 divide 360?
True
Is 63492 a multiple of 37?
True
Does 9 divide 369?
True
Is 430 a factor of 14493?
False
Does 236 divide 72688?
True
Is 4136 a multiple of 47?
True
Does 22 divide 13420?
True
Is 20 a factor of 4900?
True
Is 12 a factor of 372?
True
Is 7 a factor of 91?
True
Does 10 divide 44?
False
Is 38 a factor of 1081?
False
Is 32 a factor of 1472?
True
Is 4780 a multiple of 18?
False
Is 57 a factor of 4070?
False
Is 2 a factor of 782?
True
Is 12499 even?
False
Is 40 a factor of 562?
False
Does 210 divide 61161?
False
Is 2 a factor of 42?
True
Is 19440 a multiple of 180?
True
Is 279 a multiple of 9?
True
Is 5065 a multiple of 3?
False
Is 1344 a multiple of 18?
False
Does 69 divide 414?
True
Is 1640 a multiple of 5?
True
Does 93 divide 465?
True
Does 3 divide 15239?
False
Is 272 a multiple of 8?
True
Is 4 a factor of 9499?
False
Is 13 a factor of 12493?
True
Does 38 divide 3388?
False
Is 16 a factor of 50896?
True
Is 1287 a multiple of 81?
False
Does 29 divide 8468?
True
Is 40887 a multiple of 63?
True
Is 10 a factor of 50758?
False
Is 4795 a multiple of 7?
True
Is 1065 a multiple of 79?
False
Is 34622 a multiple of 24?
False
Is 7 a factor of 15216?
False
Is 33 a factor of 1022?
False
Is 3517 a multiple of 15?
False
Is 1124 a multiple of 39?
False
Is 27 a factor of 1809?
True
Does 20 divide 820?
True
Is 56 a factor of 88872?
True
Does 66 divide 8149?
False
Is 611 a multiple of 3?
False
Does 12 divide 1575?
False
Does 9 divide 72?
True
Is 2870 a multiple of 15?
False
Is 6 a factor of 131?
False
Does 43 divide 55305?
False
Is 420 a multiple of 60?
True
Does 24 divide 840?
True
Is 6 a factor of 11911?
False
Is 715 a multiple of 13?
True
Does 77 divide 697?
False
Does 32 divide 3424?
True
Is 17 a factor of 1355?
False
Is 13 a factor of 452?
False
Is 59 even?
False
Does 41 divide 20787?
True
Does 2 divide 839?
False
Does 15 divide 2529?
False
Is 51 a factor of 2158?
False
Does 74 divide 27933?
False
Is 2275 a multiple of 25?
True
Is 9366 a multiple of 55?
False
Is 22 a factor of 7618?
False
Is 20 a factor of 140?
True
Does 14 divide 111678?
True
Is 4332 a multiple of 6?
True
Is 31 a factor of 12741?
True
Does 101 divide 404?
True
Is 160000 a multiple of 22?
False
Is 11 a factor of 521?
False
Does 44 divide 7460?
False
Is 199 a multiple of 7?
False
Is 4938 a multiple of 43?
False
Does 10 divide 11191?
False
Does 2 divide 13?
False
Does 38 divide 4028?
True
Does 22 divide 5941?
False
Is 223 a multiple of 3?
False
Is 82 a factor of 1137?
False
Is 2325 a multiple of 13?
False
Is 10 a factor of 9890?
True
Is 27 a factor of 189?
True
Is 28567 a multiple of 49?
True
Does 47 divide 5828?
True
Is 1700 a multiple of 9?
False
Does 53 divide 7897?
True
Is 14 a factor of 732?
False
Is 433 a multiple of 7?
False
Is 38 a factor of 1441?
False
Is 23 a multiple of 7?
False
Is 49 a factor of 207?
False
Is 235 a factor of 12690?
True
Is 696 a multiple of 3?
True
Is 8 a factor of 8517?
False
Does 8 divide 9760?
True
Is 42 a factor of 8190?
True
Is 316 even?
True
Is 190 a multiple of 21?
False
Does 4 divide 1657?
False
Is 115 a factor of 6325?
True
Does 9 divide 792?
True
Does 144 divide 1296?
True
Does 3 divide 231?
True
Is 69760 a multiple of 10?
True
Is 1715 a multiple of 49?
True
Does 14 divide 16558?
False
Does 68 divide 9928?
True
Is 33276 a multiple of 118?
True
Is 55844 a multiple of 23?
True
Does 92 divide 42556?
False
Is 107 a factor of 8675?
False
Is 7254 a multiple of 13?
True
Does 15 divide 476?
False
Is 13 a factor of 1031?
False
Does 21 divide 23856?
True
Does 32 divide 416?
True
Is 858 a multiple of 78?
True
Is 16 a factor of 256?
True
Is 276 a multiple of 8?
False
Is 32 a factor of 6400?
True
Is 21 a factor of 3772?
False
Does 21 divide 1218?
True
Is 4 a factor of 667?
False
Does 41 divide 974?
False
Is 19 a factor of 25061?
True
Does 20 divide 69653?
False
Is 50528 a multiple of 10?
False
Is 187 a multiple of 17?
True
Does 8 divide 344?
True
Is 16 a factor of 912?
True
Does 11 divide 4607?
False
Is 3526 a multiple of 15?
False
Is 1784 a multiple of 4?
True
Is 9 a factor of 296?
False
Does 9 divide 1773?
True
Is 42 a factor of 630?
True
Is 9721 a multiple of 38?
False
Is 13 a factor of 333?
False
Is 32550 a multiple of 165?
False
Is 23370 a multiple of 57?
True
Is 2552 a mul